 1528956.
1573
What is the highest common factor of 1411299 and 4926?
2463
What is the greatest common factor of 70416370 and 172?
86
What is the highest common divisor of 962 and 1789472477?
481
What is the highest common divisor of 10071070 and 20187?
2243
Calculate the greatest common divisor of 3220347 and 4260.
213
What is the highest common factor of 1311340 and 54576?
1516
What is the highest common divisor of 1060930962 and 126?
126
Calculate the greatest common divisor of 330818035 and 3035.
3035
What is the highest common divisor of 219535883 and 889?
889
Calculate the greatest common divisor of 550226 and 245732.
5342
Calculate the greatest common divisor of 18664 and 2916.
4
What is the greatest common factor of 1585158 and 7678?
698
Calculate the highest common divisor of 180 and 6671565.
45
Calculate the greatest common factor of 442308124 and 92.
92
What is the highest common factor of 749637 and 5716557?
4599
What is the highest common factor of 8832 and 20864?
128
Calculate the highest common factor of 80977 and 1651.
13
What is the highest common divisor of 1102178 and 4774?
154
What is the greatest common divisor of 7320320 and 3192?
1064
Calculate the greatest common factor of 622969 and 806537.
149
Calculate the greatest common divisor of 12202769 and 170525.
6821
Calculate the highest common divisor of 55866880 and 768.
256
What is the greatest common divisor of 22380 and 156990?
30
Calculate the highest common factor of 4675 and 2090660.
935
What is the highest common divisor of 149225376 and 94?
94
What is the highest common factor of 271707 and 15747961?
2209
What is the highest common factor of 85500 and 455202?
342
What is the greatest common factor of 42993 and 42041?
17
What is the greatest common factor of 145 and 7019421?
29
What is the highest common factor of 57660707 and 26?
13
What is the greatest common factor of 247 and 14905007?
13
Calculate the greatest common factor of 19502 and 2070054.
98
Calculate the greatest common divisor of 609 and 4604562.
87
Calculate the greatest common divisor of 1529 and 3472227.
11
What is the greatest common divisor of 189 and 60766349?
7
Calculate the greatest common factor of 33 and 3147411.
3
Calculate the greatest common factor of 210630 and 847889.
413
Calculate the highest common divisor of 5 and 41235785.
5
Calculate the greatest common factor of 5120309 and 1086.
181
What is the highest common factor of 4 and 7789164?
4
Calculate the greatest common factor of 11 and 1918285633.
11
What is the highest common divisor of 7 and 168459025?
7
What is the greatest common factor of 9300 and 483972?
372
Calculate the greatest common factor of 18789464 and 61.
61
What is the greatest common factor of 21213154 and 738?
82
Calculate the greatest common factor of 948 and 156531074.
158
What is the greatest common factor of 2832 and 29529972?
708
What is the greatest common factor of 100667 and 4137?
1379
Calculate the greatest common divisor of 442 and 61158214.
442
What is the greatest common divisor of 30970 and 142880?
190
Calculate the greatest common divisor of 2511574 and 1586.
26
What is the highest common divisor of 671819143 and 172?
43
What is the highest common divisor of 7980 and 20475084?
1596
What is the greatest common factor of 163795 and 4879?
697
What is the highest common factor of 3827417 and 29051?
209
Calculate the highest common factor of 1357 and 750480.
59
What is the highest common divisor of 19928 and 4769560?
376
What is the greatest common factor of 256 and 4438072?
8
What is the highest common factor of 631472 and 266564?
2588
What is the greatest common divisor of 17744 and 31440?
16
Calculate the greatest common divisor of 19819448 and 704.
88
Calculate the highest common divisor of 279 and 8131653.
9
What is the greatest common factor of 36434024 and 38916?
4324
Calculate the greatest common factor of 224462175 and 2030.
1015
Calculate the greatest common factor of 17673 and 38250263.
5891
What is the greatest common divisor of 3094 and 116671?
17
What is the greatest common factor of 761 and 10790980?
761
What is the greatest common divisor of 39786 and 1417747586?
13262
What is the greatest common divisor of 735669 and 2145?
33
Calculate the greatest common divisor of 20202296 and 1563.
521
Calculate the highest common divisor of 50971740 and 30.
30
Calculate the highest common divisor of 4216948 and 87.
29
What is the greatest common factor of 317271 and 2699914?
6221
Calculate the highest common factor of 3915 and 78125130.
1305
What is the highest common factor of 10 and 25151830?
10
Calculate the greatest common divisor of 210 and 9768416.
14
Calculate the highest common factor of 50853 and 68175381.
4623
Calculate the highest common factor of 2139358 and 949.
13
What is the greatest common divisor of 22150675 and 175?
25
What is the highest common divisor of 14832640 and 144?
16
Calculate the highest common factor of 1590 and 8403468.
318
Calculate the greatest common divisor of 19 and 52706741.
19
What is the greatest common factor of 173192121 and 3453?
3453
What is the highest common divisor of 192320 and 1720?
40
What is the highest common divisor of 15666 and 4629618?
42
What is the highest common divisor of 100006 and 22537?
31
What is the highest common divisor of 263480 and 171920?
280
What is the greatest common divisor of 34536750 and 450?
150
What is the greatest common divisor of 54 and 49647951?
27
Calculate the highest common divisor of 364 and 271007282.
182
Calculate the greatest common divisor of 17853 and 3342405.
33
Calculate the highest common divisor of 6885 and 1454220.
135
What is the highest common factor of 4905 and 7455055?
545
What is the greatest common divisor of 2190 and 34611855?
1095
What is the highest common divisor of 982121 and 3650311?
5677
What is the greatest common divisor of 3047777 and 68?
17
Calculate the highest common divisor of 279006 and 1326822.
294
What is the highest common factor of 31 and 2510532551?
31
What is the highest common factor of 72971454 and 706?
706
What is the highest common factor of 1809039 and 24?
3
What is the greatest common factor of 24224872 and 40?
8
Calculate the highest common divisor of 26021577 and 51.
51
Calculate the highest common divisor of 54819244 and 7231.
1033
Calculate the highest common divisor of 246958 and 180.
2
Calculate the highest common factor of 419013360 and 744.
744
What is the greatest common divisor of 3622113 and 495?
99
What is the greatest common factor of 18404380 and 20?
20
What is the greatest common divisor of 196591 and 1537?
29
What is the greatest common divisor of 869144 and 9744?
8
What is the highest common factor of 904971 and 11?
1
Calculate the greatest common divisor of 71624287 and 203.
203
What is the greatest common factor of 1358 and 549796?
194
What is the greatest common factor of 14759998 and 1177?
11
Calculate the greatest common factor of 4927236 and 8066.
218
Calculate the highest common factor of 114880 and 4056.
8
What is the greatest common factor of 11982244 and 186?
62
Calculate the greatest common factor of 12 and 1208193744.
12
Calculate the greatest common divisor of 259907588 and 9910.
1982
Calculate the highest common divisor of 10427777 and 886.
443
Calculate the highest common factor of 97339 and 2.
1
What is the highest common divisor of 1488192 and 3984?
48
What is the greatest common divisor of 415645 and 1590592?
857
What is the greatest common divisor of 2132722 and 39794?
394
What is the greatest common divisor of 14309 and 1308401?
349
What is the highest common divisor of 40 and 17715160?
40
What is the greatest common factor of 8145 and 748863?
9
What is the highest common divisor of 1323167 and 253?
23
What is the highest common divisor of 90441 and 368828447?
10049
Calculate the greatest common divisor of 3884733 and 14013.
27
What is the highest common divisor of 3182 and 6100190?
74
Calculate the highest common divisor of 702 and 1715634.
54
What is the greatest common factor of 3550664 and 31408?
104
Calculate the greatest common factor of 25356822 and 744.
186
What is the greatest common factor of 33 and 6659191?
11
What is the greatest common divisor of 920 and 2127285640?
920
Calcul